the prime factors of -328*u/(-8) + 4.
2, 3, 7
Let c(l) = 19*l + 14. Suppose 2*v + 4*v = 12. Let b(z) = -38*z - 29. Let a(p) = v*b(p) + 5*c(p). What are the prime factors of a(4)?
2, 11
Suppose -2*r - 2*a = -25382, 26*a = 4*r + 31*a - 50766. List the prime factors of r.
12689
Let g = 4511 + -7239. Let u = 3854 + g. Suppose -304 + u = 6*p. List the prime factors of p.
137
Let k be (17 + (-36)/9)*23. Suppose 3*d - 2*g = 3459, d + k = -2*g + 1452. List the prime factors of d.
1153
Let g = 11608 + 3313. List the prime factors of g.
43, 347
Suppose -3*f = -c - 5*f + 3582, 3*f = 6*c - 21507. List the prime factors of c.
2, 7
Let o(z) = z**3 - 63*z**2 + 85*z - 402. What are the prime factors of o(66)?
2, 3, 1523
Let b(h) = 30*h + 5. Let v be b(2). Suppose v = -4*y + 317. List the prime factors of y.
3, 7
Suppose -p + 548 = -3*w, -2150 = -4*p - 0*p - 2*w. Let d = 1080 - p. What are the prime factors of d?
541
Let t be (4/18 - (-7)/9) + 26. Let v = 29 - t. Suppose k - 22 = -3*h - 3, -v*h + 22 = 2*k. What are the prime factors of k?
7
What are the prime factors of (1 - 0)*174927*(37 - 9570/261)?
58309
Let q = 73056 - 36668. List the prime factors of q.
2, 11, 827
Suppose -6 = i + 9. Let s = i + 45. List the prime factors of s/12*8/10 - -95.
97
Suppose -720 - 489 = -3*o. Let m be o/(-3) - (1 + (-7)/21). Let x = 329 + m. List the prime factors of x.
2, 97
Suppose y + 1338 = l, 2*y + 50 = 46. List the prime factors of l.
2, 167
Let y = -24558 - -61333. List the prime factors of y.
5, 1471
List the prime factors of (-150 - (-17 - -31))/(1/(-73)) + -7.
5, 2393
Let f = 90 - 87. Suppose 0 = 5*c - 2*c, -f*h + 2*c + 9 = 0. Suppose 32 = -h*j + 7*j. What are the prime factors of j?
2
Let z be (8 + -12)/((-4)/10). Let h(x) = -x**3 + 12*x**2 + 2*x + 17. Let m be h(z). What are the prime factors of ((-2)/(-3))/(2/m)?
79
Suppose 30*u - 69 = 7*u. Suppose u*r - 3849 = -0*t + 3*t, 3848 = 3*r - 4*t. List the prime factors of r.
2, 3, 107
Let n(r) = -4*r**2 + 2*r - 1. Let i be n(1). What are the prime factors of (4 - i)*330/35?
2, 3, 11
Let m(o) = 3*o**3 + 12*o**2 - 22*o + 245. List the prime factors of m(9).
2, 7, 229
Let w be (-74)/4 - (-16)/32. Let v(c) = -c**2 - 25*c - 14. Let k be v(w). Let b = 213 - k. List the prime factors of b.
101
Suppose -9 = -3*c + 5*h - 3, -2*c = -2*h - 4. Let u(z) = 49*z**3 + z - 2. Let v be u(c). Let o = v - 266. List the prime factors of o.
2, 3, 7
Let j = -72 + 23. Let m = 43 - j. List the prime factors of m.
2, 23
Let q(g) = -g**3 + 8*g**2 - g + 1289. Let u = 428 + -428. List the prime factors of q(u).
1289
Suppose -4*a - 3828 = -2*z - 0*z, 3*z - 3*a = 5730. List the prime factors of z.
2, 953
Suppose -5*y - r = -7*y + 6, 0 = -2*y - 2*r. Suppose -5*c + 0*j + 4*j = 47, -4*c + y*j = 40. Let x(s) = s**2 + 3*s - 13. List the prime factors of x(c).
3, 5
Suppose 0*r = 5*r - 71393 - 77722. What are the prime factors of r?
3, 9941
Let t = 4121 - -4258. What are the prime factors of t?
3, 7, 19
Let y be 8 - (-5 + 1)/(8 + -12). Let i(w) = 19*w**2 - 15*w - 8. List the prime factors of i(y).
2, 409
List the prime factors of (7 - 2)/((-9)/12042*-6).
5, 223
Suppose 761 = -2*j - 249. Let o = 708 + j. Suppose -5*d - 3*b + 169 = -o, -230 = -3*d + 5*b. What are the prime factors of d?
3, 5
Let c(o) = o**3 - 45*o**2 + 59*o - 1021. What are the prime factors of c(46)?
13, 293
Let g be 24604/28 - (2 + 32/(-14)). Let a = 1275 - g. Let x = -198 + a. List the prime factors of x.
2, 3, 11
Let h(r) = -9*r**2 - 45*r + 1. Let t be h(-5). Let z(w) = 275*w - 8. Let k be z(t). Suppose n - 4*n = -k. List the prime factors of n.
89
Suppose 25*f - 17425 = 8*f. Suppose -3*c + 5*c = 4*d + 410, 5*c - 4*d = f. List the prime factors of c.
5, 41
Suppose 0 = -81*l + 16*l + 337220. List the prime factors of l.
2, 1297
Let i(f) = -45*f**2 - 14. Let r be i(4). Let b = r + 1754. List the prime factors of b.
2, 3, 5, 17
Let s(o) = 3*o**3 - 24*o**2 + 9*o - 184. List the prime factors of s(25).
2, 79, 101
List the prime factors of (-1196 + -3)/((-53)/106).
2, 11, 109
Let y be 164 - (-4 + (9 - 1)). Let p = 86 + -84. Suppose 2*o = -p*z + y, 24 = 2*o + 4*z - 130. What are the prime factors of o?
83
Let l(d) be the third derivative of d**4/2 + 119*d**3/3 - 85*d**2. List the prime factors of l(38).
2, 347
Suppose -4*x + 1 = -4*c - 7, -4*c + 10 = 5*x. Suppose -x*y = 21*p - 20*p - 375, -2*y + 387 = -3*p. What are the prime factors of y?
3, 7
Let t be (-1000)/(-2 + 2 + -2). Let r = t + 89. What are the prime factors of r?
19, 31
List the prime factors of 5/(9 - -1) + -1*(-126068)/8.
3, 17, 103
Suppose -4*i = -h + 720, -4*h - 509 = -3*i - 3402. Suppose 3474 = -721*k + h*k. List the prime factors of k.
2, 3, 193
Let x = -116 - -120. Let u(q) = 17*q**2 - 7*q + 19. What are the prime factors of u(x)?
263
Suppose -6*c = 3*c - 5724. Let v = c - 201. List the prime factors of v.
3, 5, 29
Suppose -3*o - 5*m + 31867 = 570, 5*o - 3*m - 52139 = 0. List the prime factors of o.
10429
Let r(y) = -18878*y + 24. Let o be r(-2). Suppose 15*p = -5*p + o. What are the prime factors of p?
1889
Let b be (-241528)/68 - (-4 - 420/(-102)). Let z = -2447 - b. What are the prime factors of z?
5, 13, 17
Suppose 4*b - 3596 = -2*z, 2*z - 3*b = 2436 + 1146. Suppose -94*d = -88*d - z. What are the prime factors of d?
13, 23
Suppose 512 = 11*r - 1028. Suppose 3*i - 2689 = r. List the prime factors of i.
23, 41
Let x be 13449/45 - (-14)/105. Let h = -41 + x. List the prime factors of h.
2, 3, 43
Let r(p) = p**3 + p**2 - 11*p - 13. Let a be r(-3). Suppose -3*m - 3*f + 81 = 0, -a*m - f = 34 - 87. What are the prime factors of m?
2, 13
Let t(n) = 28*n**2 + 8*n - 9. Let g be t(1). List the prime factors of (-6)/(g - 3) + 3554/8.
2, 3, 37
Suppose 0 = 6*v - 18*v - j + 347415, 5*j - 144770 = -5*v. What are the prime factors of v?
13, 17, 131
Suppose 13*m - 68230 + 29120 = 37681. List the prime factors of m.
3, 11, 179
Let r(y) = 114*y - 18. Let z be r(-16). Let p be 5/((-15)/z) + (1 - -3). Suppose -p = -6*g + 402. List the prime factors of g.
2, 5, 17
Suppose 0 = 10*b - 1190 - 5690. Let a = b - 243. List the prime factors of a.
5, 89
List the prime factors of 17195 - 1 - (96/(-60))/((-2)/(-10)).
2, 3, 47, 61
Suppose -5*i - 25 = 0, -4*n - i - 12 = 3*i. Suppose 2*m + 7*t - 4*t - 512 = 0, n*m = -t + 516. List the prime factors of m.
7, 37
Suppose -2 = -2*f, -99 + 1447 = 3*u + f. What are the prime factors of u?
449
Let y = -470 + 325. Let s = 71 + -291. Let j = y - s. List the prime factors of j.
3, 5
Let l = 23 + -1. Suppose -l = -3*t + 845. List the prime factors of t.
17
Let x = -64 - -67. Suppose 836 = x*q - 328. What are the prime factors of q?
2, 97
Suppose -3*h - 6*m - 41 = -11*m, 0 = 5*m - 20. List the prime factors of 400/((-10)/(35/h)).
2, 5
Let a(z) = 2 + 7*z**3 - 1 - 7*z - 3*z**3 + 6*z**3. List the prime factors of a(3).
2, 5
Let v = -32945 - -33207. List the prime factors of v.
2, 131
Suppose 12*c = -6*c - 36. What are the prime factors of c/(-1 + 0 + (-16975)/(-17025))?
3, 227
Let v be (-20 + 0)*(-8)/16. Suppose v*w = 9*w + 9. Let l = 0 + w. List the prime factors of l.
3
Suppose 7272 = 15*o - 4293. Let t = o + -472. What are the prime factors of t?
13, 23
Suppose 120*t = 119*t + 10. What are the prime factors of (8/t)/(11/143)*85?
2, 13, 17
Let s(r) = -10 - 2 - 3 + 6*r**2 - r. Let n = -1703 + 1698. List the prime factors of s(n).
2, 5, 7
Let i = 25600 - 13407. What are the prime factors of i?
89, 137
Let a(v) = v + 45. Let h be a(-42). Suppose -1033 = -2*n + h*y, n - 509 = -3*y + 2*y. What are the prime factors of n?
2
Suppose 5*x - 155 = 10. Let m = x + -6. Let f = m + -17. List the prime factors of f.
2, 5
Let i(j) = j**2 - 2*j - 2. Let k be i(4). Let v be (16/k)/((-30)/(-45)). Suppose 4*m = 3*c + 219, -26 = -v*m + 5*c + 195. List the prime factors of m.
2, 3
Suppose -22*g = -11*g - 9647. Suppose 3*h - g = -34. What are the prime factors of h?
281
Let o(s) = 31*s**2 - 17*s - 66. Let i be o(-5). Suppose 3*q - i = 6*z - 2*z, q + 4*z = 254. List the prime factors of q.
2, 131
Let z(p) = -4*p**2 + 2*p - 12. Let j be z(0). Let s be ((-54)/j)/9*-218. Let d = 329 + s. What are the prime factors of d?
2, 5, 11
Suppose 26*l - 34*l + 72 = 0. Suppose 385 = a + f, l*a - 4*f - 1934 = 4*a. What are the prime factors of a?
2, 19